ive of c(p). Determine g(-4).
-3
Suppose -4 = -4*j + 3*j, -2*z + j - 8 = 0. Let f(s) = 2*s**2 - s + 2. Determine f(z).
12
Let v be -1 + (-1)/1 + -6. Let n(l) = -l - 3. Let b be n(v). Let w be 2/b + 12/(-5). Let r(s) = s**3 + s**2 + 3*s + 2. Give r(w).
-8
Let a(f) = 3 + 0 - 1 + 0 - 2*f. Let s be (4/(-8))/((-2)/(-36)). Let p(g) = -g**3 - 10*g**2 - 10*g - 4. Let n be p(s). What is a(n)?
-8
Let n be 7/((-28)/(-8)) + 1. Suppose 0 = -g - n*g - 16. Let w(v) = -v**3 - 5*v**2 - 5*v. Determine w(g).
4
Let f(b) = -b**3 + 4*b**2 + 6*b + 2. Let y(d) = d**3 + 5*d**2 + 5. Let v = 5 + 1. Let r(n) = -n**2 + 6*n - 5. Let s be r(v). Let l be y(s). Calculate f(l).
7
Let p be (-1)/3 - 10/(-3). Let d(s) = -3*s - 3 - s + 2 + s**p - 4*s**2. Suppose -10 = 4*c - 30. Determine d(c).
4
Let v be 3/(-12)*-3*(5 + -1). Let z(l) = l**2 - 3*l + 1. Give z(v).
1
Suppose -14 = p - 3*n, -2*n + 5 + 0 = -5*p. Let t(h) = 2*h + 2. Let y be t(2). Let g(j) = 2 - 2 + y*j. What is g(p)?
6
Let h(i) = i**3 - 4*i**2 + 4*i - 1. Let n be h(3). Let x(q) = -q**n + 2*q - q + q - q. Suppose 5*o = 12 - 2. Determine x(o).
-2
Suppose d + 17 = 4*t, 3*t - 5 = t - 3*d. Let q(j) = j - 10. Determine q(t).
-6
Let l(k) = -8*k - 1. Let r = 7 - 4. Suppose 8*d + 5 = r*d. What is l(d)?
7
Let w(a) = -a**2 - 7*a - 3. Let y be (-371)/77 - 4/22. What is w(y)?
7
Let a(l) = -2 + l + 1 - 8. What is a(0)?
-9
Let c(r) = -r**3 - 2*r**2 - 2*r + 2. Suppose 3*m - 4*z + 22 = 53, -2*m + 5*z = -30. Suppose m*u = 3*p + 6, 8 = -4*p - u - 2*u. Determine c(p).
6
Let w(t) = -2*t - 7. Let z(g) = g + 3. Let s(o) = 4*w(o) + 9*z(o). Let u(b) be the first derivative of b**2/2 + 4*b - 1. Let l be u(-8). Determine s(l).
-5
Let i(j) = -10*j**3 - j**2 - j - 3. Let l(r) = r**3 + r**2 + 1. Let b(f) = -i(f) - 2*l(f). Calculate b(-1).
-9
Let p(o) = o**2 + 5*o - 1. Let d = 18 + -24. Give p(d).
5
Let u be 0/(1*(-2 + 0)). Suppose 0*a + 3*a + 15 = u. Let w(g) = g**2 + 6*g + 3. Let l(n) = -1. Let j(q) = 2*l(q) - w(q). What is j(a)?
0
Let b(m) = m**3 + 5*m**2 + m - 5. Let i(a) = a**2 + 7*a - 14. Let o be i(-11). Suppose 5*c = p - 3*p - o, -5*c = -4*p. Calculate b(c).
7
Suppose 0 = -3*n + 9 - 0. Let q(u) = u**3 + 5*u**2 + 0*u**n - u - 4 + 4*u. Determine q(-4).
0
Let z = 1 + -5. Let g(j) = 2*j**2 + 4*j - 4. Determine g(z).
12
Let g(m) be the first derivative of -m**4/4 - 8*m**3/3 + 5*m + 32. Calculate g(-8).
5
Suppose -3*v - 6 = 9. Let t(g) = 2*g + 7. Let f be t(v). Let x(p) = -p**2 + 4*p + 6. Let h(u) = 4*u**2 - 12*u - 19. Let d(s) = 2*h(s) + 7*x(s). Determine d(f).
1
Let q(d) = 3*d**2 + d**3 - 4 + 9*d + 3 - 8*d. Suppose 4*u + 0*s = -3*s - 14, -2 = 5*u - 4*s. Calculate q(u).
1
Let u be -4 + (1 - 0)*1. Let a(l) be the third derivative of l**4/24 - l**3/2 + 4*l**2. Give a(u).
-6
Let h(v) be the third derivative of -v**5/60 - v**4/12 - v**3/6 + 2*v**2. Let b be 6/(-10) - 39/(-15). Suppose -i - 1 = -b*u - 5, i = 0. Determine h(u).
-1
Let m(i) be the third derivative of i**5/60 + i**3/6 - 2*i**2. Calculate m(1).
2
Let t(j) = -4*j - 3*j + 5*j - 1 + 0. What is t(7)?
-15
Let b(j) be the first derivative of -j**4/4 + 2*j**3 - 5*j**2/2 - 2*j - 4. Suppose -x = -y - 3*y + 21, 0 = -y - 2*x + 3. What is b(y)?
-2
Suppose -12 = -4*z - 5*f - 4, -5*z - 11 = f. Let q(u) = u - 1. What is q(z)?
-4
Let s(g) be the third derivative of 0*g - 1/4*g**4 - 1/60*g**5 - 1/3*g**3 + 0 + g**2. Suppose 0 = 4*k - 3*d + 17, 3*k - 5*k + 5*d = 5. Give s(k).
3
Let y(j) be the second derivative of -j**5/20 + j**4/3 - j**3/3 + 5*j**2/2 - 32*j - 2. Determine y(4).
-3
Let v(c) = -c + 2. Suppose 115*x - 110*x = 0. What is v(x)?
2
Suppose -2*z - 1 + 23 = 0. Suppose -z + 3 = 2*l. Let g(p) be the second derivative of -p**3/6 - 5*p**2/2 + p. What is g(l)?
-1
Let m(k) = k**3 - 5*k**2. Let f = 10 - 18. Let v = 13 + f. Determine m(v).
0
Let u(k) = -2*k + 3. Let g(f) = f + 1. Let m be g(0). Let o be 18*(6/(-9) + m). Calculate u(o).
-9
Let p(i) = 0 + 2 + i + 0 - i**2. Suppose -a + 2 = a. Suppose a + 5 = -3*d. What is p(d)?
-4
Let q(m) = -2*m + 3 + 3*m - 4. Let g(a) = -10*a + 5. Let d(v) = g(v) + 4*q(v). Let k = -5 - -6. Give d(k).
-5
Suppose 0 = -5*o + 1 + 4. Let b(p) = 3*p. Give b(o).
3
Suppose u - 5 = 2*u. Let x(b) = -b**2 - 4*b + 3. Give x(u).
-2
Let n(i) = -i + 7. Let f(u) = u**3 - 6*u**2 + 3*u - 12. Let k be f(6). Determine n(k).
1
Let u(h) be the second derivative of -h**5/20 + h**4/12 + h. Let r(f) = 4*f**3 - 8*f**2 - 2*f + 1. Let b(q) = -r(q) - 5*u(q). Calculate b(-3).
-7
Let o(g) = 13*g + 14. Let k(j) = -7*j - 7. Let s(v) = -11*k(v) - 6*o(v). Give s(-5).
-2
Let t(r) be the second derivative of -r**6/72 - r**5/120 + 2*r**3/3 - 3*r. Let b(s) be the second derivative of t(s). Calculate b(1).
-6
Let j = -14 + 15. Let f(p) = -6*p**3 - p + 1. What is f(j)?
-6
Let s(l) = -l**3 - 6*l**2 - 3*l + 6. Let b(j) = -2*j**3 - 11*j**2 - 5*j + 11. Let w(t) = 4*b(t) - 7*s(t). Determine w(2).
-12
Let b = 33 + -34. Let c(n) = -8*n**3 - n**2 + n + 1. Calculate c(b).
7
Let q be (-36)/(-8) + 1/(-2). Let v(n) = 0*n - 4*n - 2*n - 6 + q*n. Calculate v(-5).
4
Let t = -23 + 18. Let h(b) = -2*b**2 + 3*b**2 - 4*b + 11*b - 2. Determine h(t).
-12
Let x(d) = d**2 - 5. Let w = 18 - 14. Give x(w).
11
Let h(j) = j**2 + 7*j. Suppose 287 = i + 292. Give h(i).
-10
Let d(s) = s**3 + s. Let i(b) = -b**2 + 3*b + 4. Let g be i(3). Suppose g*q + 22 = -j, 3*q = -3*j + 8*q + 19. Determine d(j).
-10
Let o(z) = -z**2 + 10 + 12 - 25 - z. Calculate o(-3).
-9
Let m(o) = 2*o. Let c be m(2). Let g = 7 - c. Let q(r) = r**3 - 4*r**2 + 5*r - 2. Calculate q(g).
4
Let u(w) = -w + 2. Let m(o) = 2*o - 2. Let j(t) = -3*m(t) - 4*u(t). Calculate j(-3).
4
Let p(f) = -2*f - 2*f**2 + 2 - 5 + 5*f. Let x(o) = -o + 1. Let b(d) = -d + 1. Let a be b(4). Let l(v) = a*x(v) - p(v). Give l(1).
2
Suppose w + 13 = 4*k, 0 = 2*k + 5*w - 1. Let s be 12/8*4/k. Let u(h) = 4*h - 4*h**2 + 5*h**2 - 2 - h. Determine u(s).
8
Let w(l) = -2*l**2 - 6*l + 4. Let n be (2 + -4 + -1)/((-15)/(-25)). What is w(n)?
-16
Suppose a + 5 = -0. Suppose 11 - 9 = d. Let s(b) = -b - 2*b**2 + b**d - 2 + 7*b + 2*b**2. Give s(a).
-7
Let c = -1 + 4. Suppose 9 = 4*t - 6*a + a, 3*t = -a + 2. Suppose 3*r + 3 = -3*b, -8*b + 3*b - t = c*r. Let l(j) = -j**2. Calculate l(r).
-4
Let x(j) be the second derivative of j**3/2 + 2*j**2 - 11*j. Determine x(3).
13
Let u = 7 + -5. Suppose -6 = -2*j, 4*o = -o - u*j + 21. Let f(v) = 2 + 0*v + v**3 - 4*v + 5*v**2 - 2*v**o. Give f(4).
2
Let r be (-2)/5 - (-36)/15. Let o = -3 - -5. Let w(h) = -o*h + 5 + 5*h + r. What is w(-5)?
-8
Let r(q) = -q**2 - 4*q + 6. Let k be r(-5). Let h be 1 - 0/k - -1. Let p(u) = u**2 - u - 1. Let t(b) = 2*b**2 - 3*b + 3. Let x(v) = -p(v) - t(v). What is x(h)?
-6
Let b(s) = s**2 + 13*s. Let p be b(-13). Let m(z) = -z - 11. What is m(p)?
-11
Let k(z) = z**3 + 7*z**2 + 2. Let w be k(-7). Let g(a) = -w - 8*a + 2*a + a**3 + 3*a + a**2. Calculate g(-3).
-11
Let q(n) = -2*n**2 - 3*n + 1. Let x be ((-16)/(-24))/((-4)/(-18)). Let f be x*(-3)/(0 - -3). What is q(f)?
-8
Let g(k) = -k**3 - 2*k**2 + 1. Let o be (9 + -7)/(-1 - 0). What is g(o)?
1
Let m(s) = -2*s - 15. Let l be m(-5). Let q(a) be the first derivative of a**5/120 + a**4/6 + a**3/3 + 1. Let i(k) be the third derivative of q(k). Give i(l).
-1
Let r(h) = -1. Suppose -2*c = 5*n - 12, c - 4*n = -5*n + 6. Let f be c/4*(-32)/12. Let v(l) = l. Let g(o) = f*v(o) + r(o). What is g(2)?
-9
Suppose -10*h + 6*h + 16 = 0. Let n(u) = 0 + u**3 + u**3 - 2*u - 5 - h*u**2 - 3*u**3. Determine n(-4).
3
Suppose 0 = -0*a + 2*a - 8. Suppose a*j + 27 = 3. Let x(r) = -r**3 - 6*r**2 + 2*r + 7. Give x(j).
-5
Let j = -14 + 8. Let z(y) = y**2 + 8*y + 1. Determine z(j).
-11
Suppose -q - 20 = 4*q. Let n(a) = 2*a - 1. Let v(o) = 3*o - 2. Let r(f) = q*v(f) + 5*n(f). What is r(3)?
-3
Let q(a) = -a**3 - 3*a**2 + 2*a + 7. Let f(v) = -v**3 - 4*v**2 + 2*v + 6. Let y(p) = -3*f(p) + 2*q(p). Give y(-6).
8
Let j(g) be the second derivative of 5/6*g**3 - 7/2*g**2 - 1/2*g**4 + 1/20*g**5 - g + 0. Suppose 0 = 4*u - 4*q - 8, q + 3 = 3*u - 9. Calculate j(u).
-7
Let y(l) = l + 1. Let v(b) = -3*b + 1. Let z(d) = v(d) + 4*y(d). Suppose 0*w - 3*g = w - 4, w = 3*g - 14. What is z(w)?
0
Suppose 2*a + 3 = -3*s + 5*a, -4*a + 19 = s. Suppose -5 = -4*i - 2*m + m, 9 = s*i - m. Let q(w) = -2 - w**i - 2*w - 3*w - 5. Determine q(-5).
-7
Let u(n) = -n**2